. What are the prime factors of v?
2, 3
Let t(p) = 4*p**2 - 4*p - 8. List the prime factors of t(13).
2, 7, 11
Suppose 0 = -j + 4*q + 1871 - 1, q - 5558 = -3*j. List the prime factors of j.
2, 3, 103
Let b = 163 + 290. What are the prime factors of b?
3, 151
Let p(g) = -3*g**2 - 5*g - 33. Let m(t) = -2*t**2 - 4*t - 34. Let h(n) = -4*m(n) + 3*p(n). Let x be h(0). Let a = 59 - x. List the prime factors of a.
2, 11
Suppose 2*j = 2*v - 4*v + 342, -5*v + 191 = j. Let g(q) = q**3 + 5*q**2 - 24*q - 11. Let x be g(-9). Let y = j + x. What are the prime factors of y?
47
Let n = -34 + 117. Let i = -27 + n. List the prime factors of i.
2, 7
Let p(b) = -5*b**3 + 32*b**2 + 29*b - 8. Let t(d) = d**3 - 8*d**2 - 7*d + 2. Let i(j) = 2*p(j) + 9*t(j). What are the prime factors of i(-8)?
2, 3, 7
Suppose -2*s - 4 = 10. Let k = s + 18. Suppose -k*j - 46 = -12*j. What are the prime factors of j?
2, 23
Suppose -2*a = 2*w + 3*a + 3, 0 = 4*w + 4*a - 12. Let n(t) = 2*t**2 - 3*t + 5. What are the prime factors of n(w)?
59
Let q(k) = -k**3 + 4*k**2 + 5. Let x be q(4). Let l(n) = 46*n - 47. What are the prime factors of l(x)?
3, 61
Suppose -s - 2*j = -794, 3*j + 127 + 3082 = 4*s. What are the prime factors of s?
2, 5
Let r = 64 + -62. Suppose o = r*o - 2, 4*d + o - 266 = 0. What are the prime factors of d?
2, 3, 11
Let y(v) = 2*v**2 - 4*v + 2. Suppose 3*m = 2*m + 3. Let f be y(m). Suppose j - f = -5*w + 8, 2*j + 12 = w. List the prime factors of w.
2
Let x(j) = 3*j - 4. Let t be x(2). Suppose 3*w - 5 = -t*w. List the prime factors of w + (-1)/((-1)/14).
3, 5
Let m(n) = n**3 - 30*n**2 + 38*n + 14. Let t be m(29). Suppose 3*g - t = -s, -2*g + 174 = -4*s - 0*s. What are the prime factors of g?
7, 13
List the prime factors of 30/2*(-2310)/(-18).
5, 7, 11
Let r = 2 + -1. Let q = r + 2. Suppose q*y = 2*o + 71, 2*o = -5*y - 0*o + 145. List the prime factors of y.
3
List the prime factors of (46012/20)/1 - (-4)/10.
3, 13, 59
Suppose -x + 40 = -5*p, -79 = -3*x + 2*p - 11. Suppose -5*d + x - 10 = 0. List the prime factors of d.
2
Suppose -4*x = -3*s + 7, -2*x + 2*s = -2*s + 16. Suppose p + 321 = -x*h + 3*h, -h - 2*p = -321. What are the prime factors of h?
3, 107
Let c be 3/5 + 14/10. List the prime factors of 137 + -6 + -3 + c.
2, 5, 13
Let y(r) = -2*r**3 - r**2 + r + 4. Let k = 19 + -18. Let j(n) = -n**3. Let d(t) = k*y(t) - 3*j(t). List the prime factors of d(4).
2, 7
Suppose 5*a + 261 = 2*p, -3*p + 2*a + 547 = 128. Suppose -6*h - p = -503. What are the prime factors of h?
2, 3, 5
Let p(t) = 32*t + 3. Let z be p(-4). Let y = z + 65. What are the prime factors of y/(-9)*(-6)/(-4)?
2, 5
Let q = -8 - -14. Let b be (24/(-9))/((-26)/39). What are the prime factors of (q/(-5))/(b/(-50))?
3, 5
Suppose 0 = -96*i + 91*i + 5825. What are the prime factors of i?
5, 233
Let u(x) = -x**3 + 4*x**2 + 7*x - 7. Let c be u(5). Let z(r) = -13*r - 133. Let n be z(-21). Suppose n = c*d + d. List the prime factors of d.
5, 7
Suppose 0 = 5*z - 5, 3*z + 3 - 6 = 4*u. Suppose 5*i = 5*x - 65, u = 5*x - 0*i + 2*i - 30. List the prime factors of x.
2
Let h = -1082 - -3246. List the prime factors of h.
2, 541
Suppose 14*g + 2944 = 15*g. What are the prime factors of g?
2, 23
Let h = 21 + 102. Suppose -4*p = -h + 3. Suppose -p = y - 3*y. List the prime factors of y.
3, 5
Let z(s) = -s**3 + 7*s**2 - 5*s - 6. Let j be z(6). Let d(n) = -n**3 + 8*n**2 - 2. Let q be d(8). What are the prime factors of 3 + q + j - -35?
2, 3
Let j(s) = 9*s**2 - 35*s + 179. List the prime factors of j(5).
229
Let b(d) = -d - 3*d - 1 + 0*d - 6 + d**3 + 7*d**2. Let s be b(-7). Let o = 58 - s. List the prime factors of o.
37
Let v(y) = 3*y**2 - 3*y - 5. Let i be v(-4). Let g(z) = 12*z - 14. Let k be g(-2). Let d = k + i. What are the prime factors of d?
17
Suppose 25459 = 40*x - 33*x. What are the prime factors of x?
3637
Let o(k) = k**3 - 9*k**2 + 9*k + 8. Suppose 2*s + 19 = 2*i - s, 35 = 4*i - 5*s. Let m be (2/i)/(6/120). What are the prime factors of o(m)?
2
Let w = 76 + -16. Let u be 8/(-6) - (-1626)/18. Let l = u - w. List the prime factors of l.
29
Suppose -576 = -2*w + 114. Suppose 6*l - w = 5*l. Suppose -3*n = 2*n - l. List the prime factors of n.
3, 23
Let f be (-1 + (-10)/(-4))*44/3. Suppose 4*p + 19 = 3*y + 107, -2*p = 4*y - f. What are the prime factors of p?
19
Let g = -31 + 35. Let z be g - (-4 + 2 + 2). Suppose -z*v + 18 + 18 = 0. List the prime factors of v.
3
Let h(p) = p**2 - 5*p + 51. What are the prime factors of h(-27)?
3, 5, 61
Suppose 0 = 3*j + 2*b - 4236, -2*b - 5022 = -8*j + 6296. List the prime factors of j.
2, 7, 101
Let j = -3415 + 5196. List the prime factors of j.
13, 137
Let c(r) = -28*r - 8. Let k be c(-12). Suppose 3*g + k = -5*q, -5*q - g - 330 = 4*g. Let b = 93 + q. List the prime factors of b.
2, 7
Let d(g) = -g - 2. Let y = -19 - -13. Let a be d(y). Suppose -17 = -j + 3*o, 7*j + a*o - 52 = 3*j. What are the prime factors of j?
2, 7
Let i(j) = 8*j - 9. Let u(w) = -w - 1. Let m(n) = -i(n) + 2*u(n). List the prime factors of m(-12).
127
Suppose -4 = -b + 1. Suppose 3*m - 42 = -2*i, -3*m - b*i + 75 = 2*m. Let q = -7 + m. List the prime factors of q.
5
Suppose -4*h + 3361 = -3*c, 0 = h + 2*c - 0*c - 832. List the prime factors of h.
2, 419
Let o(h) = 6*h**2 - h + 1. Let u be o(2). Suppose c + m = -0*c + 35, u = c - 5*m. What are the prime factors of c?
3, 11
List the prime factors of 13/(-104) + 8402/16.
3, 5, 7
Let o = 103 + -68. What are the prime factors of -2 - -153 - o/7?
2, 73
Let w = 2347 - 1394. List the prime factors of w.
953
Suppose 2590 + 501 = 11*v. What are the prime factors of v?
281
Suppose 3*z - 1068 = -3*p + 1794, p + 4800 = 5*z. What are the prime factors of z?
7, 137
Let l = 1204 + -814. What are the prime factors of l?
2, 3, 5, 13
Suppose 2*r = 4*y + 140, 5*r - 245 = 4*y - 99. Let b be -3*(0 + 22/6). Let u = b - y. List the prime factors of u.
23
Let d(l) = l**2 + 3*l - 8. Suppose r - 5*r = 0. Suppose r = 2*b - b - 4. What are the prime factors of d(b)?
2, 5
Let z(s) = 2*s + 5. Let i be z(-13). Let d = 39 + i. What are the prime factors of d?
2, 3
Suppose 2*h = -0*h - 24. Suppose -364 = -32*a - 1548. Let k = h - a. What are the prime factors of k?
5
Let c(u) = -u**2 + 9*u + 2. Let q be c(9). Let r be -1*-8*(q - -3). Suppose 0 = 5*p - 4*n - 95, -2*p - r = -4*p + 2*n. List the prime factors of p.
3, 5
Suppose -4*q + s + 22 = 0, 0 = -2*s - 4 + 8. Let l(b) = -b**3 + 7*b**2 - 4*b + 3. What are the prime factors of l(q)?
3, 5
Let q(u) = u**3 - 7*u**2 - 3*u + 1. Let t be q(7). Let y = t - -20. Suppose 5*g = -4*r + 206, r = -y*g + 2*g - 85. List the prime factors of g.
2, 3, 7
Suppose 2*n + 4*o - 12 - 2 = 0, 3*n - o = 0. What are the prime factors of 1249/6 - n/6?
2, 13
Let q(t) = 18*t + 14. Let l(p) = p**3 + 8*p**2 + p + 15. Let f be l(-8). List the prime factors of q(f).
2, 5, 7
Suppose -5*o + n = -5595, -3*n - 5570 = -5*o - 7*n. List the prime factors of o.
2, 13, 43
List the prime factors of 1141/14 + 12/(-8).
2, 5
Let a = 97 - 23. Suppose -x = -a - 49. What are the prime factors of x?
3, 41
Let g be ((-3)/(-6))/((-2)/(-8)). Suppose z = -g*z + 174. Let q = z - 15. What are the prime factors of q?
43
Let p be 6 - (2 + (0 - -2)). What are the prime factors of p*76/4 + -4?
2, 17
What are the prime factors of 46/22*49 - (-294)/539?
103
Suppose 3*w - 2 = -h - 4*h, 5*h - 1 = -4*w. Let i be w/2 + (-2043)/(-18). Let x = i - 64. List the prime factors of x.
7
Suppose 3*r = -r + 80. Let z be 7/(-21) + r/6. List the prime factors of (-20 - -2)/(z - 4).
2, 3
Let s = -5873 + 9035. What are the prime factors of s?
2, 3, 17, 31
Let w(j) = 3179*j - 81. What are the prime factors of w(1)?
2, 1549
Let q = 9 + -11. Let r(s) = s**3 - s + 1. Let c be r(q). Let v(m) = -4*m - 3. What are the prime factors of v(c)?
17
Let l(g) = -g**3 - 13*g**2 - 2*g. Suppose -36 = -5*f - 131. Let d = -32 - f. List the prime factors of l(d).
2, 13
Let s(n) = -7*n**2 - 10*n + 14. Let z(d) = 8*d**2 + 10*d - 15. Let k(h) = 7*s(h) + 6*z(h). What are the prime factors of k(-9)?
17
Suppose 0 = 4*r - 2*a - 14 - 48, -2*a - 79 = -5*r. Let x(o) = -o**2 + 20*o - 31. List the prime factors of x(r).
2, 5
Let d = 39 + -27. Let j = d - 14. What are the prime factors of (-5)/j*22/11?
5
Let m(a) = a**2 - 2*a - 4. Let d be m(-2). Suppose -4*